r when 27207 is divided by 34?
7
What is the remainder when 96040 is divided by 77?
21
What is the remainder when 75251 is divided by 7514?
111
What is the remainder when 115 is divided by 53?
9
What is the remainder when 116190 is divided by 1291?
0
Calculate the remainder when 2318 is divided by 22.
8
What is the remainder when 13584 is divided by 247?
246
What is the remainder when 21352 is divided by 42?
16
What is the remainder when 6372 is divided by 1581?
48
What is the remainder when 864 is divided by 362?
140
What is the remainder when 23959 is divided by 214?
205
What is the remainder when 1903 is divided by 8?
7
What is the remainder when 15500 is divided by 263?
246
Calculate the remainder when 1071 is divided by 214.
1
Calculate the remainder when 2911816 is divided by 13.
11
What is the remainder when 43819 is divided by 14?
13
Calculate the remainder when 1565 is divided by 115.
70
Calculate the remainder when 18280 is divided by 1648.
152
What is the remainder when 38359 is divided by 8?
7
What is the remainder when 291087 is divided by 322?
321
Calculate the remainder when 42597 is divided by 21298.
1
Calculate the remainder when 2316 is divided by 405.
291
What is the remainder when 34696 is divided by 175?
46
Calculate the remainder when 4100 is divided by 354.
206
What is the remainder when 803 is divided by 577?
226
Calculate the remainder when 382 is divided by 226.
156
What is the remainder when 8542 is divided by 2026?
438
Calculate the remainder when 38054 is divided by 346.
340
What is the remainder when 41165 is divided by 32?
13
Calculate the remainder when 2608 is divided by 1246.
116
Calculate the remainder when 301 is divided by 286.
15
What is the remainder when 27135 is divided by 79?
38
Calculate the remainder when 2870 is divided by 896.
182
What is the remainder when 1422 is divided by 225?
72
What is the remainder when 17933 is divided by 8803?
327
What is the remainder when 366179 is divided by 26155?
9
Calculate the remainder when 353509 is divided by 46.
45
What is the remainder when 958675 is divided by 244?
243
Calculate the remainder when 13536 is divided by 657.
396
Calculate the remainder when 6146 is divided by 834.
308
What is the remainder when 18009 is divided by 206?
87
Calculate the remainder when 663 is divided by 226.
211
Calculate the remainder when 23838 is divided by 925.
713
What is the remainder when 14435 is divided by 2297?
653
What is the remainder when 13111 is divided by 4331?
118
Calculate the remainder when 333 is divided by 143.
47
What is the remainder when 25559 is divided by 31?
15
Calculate the remainder when 1079 is divided by 81.
26
Calculate the remainder when 83221 is divided by 10385.
141
Calculate the remainder when 129793 is divided by 40.
33
Calculate the remainder when 37345 is divided by 42.
7
What is the remainder when 224900 is divided by 23?
6
Calculate the remainder when 234986 is divided by 117487.
12
Calculate the remainder when 73784 is divided by 7360.
184
What is the remainder when 724257 is divided by 37?
19
Calculate the remainder when 9181 is divided by 101.
91
What is the remainder when 7865 is divided by 46?
45
Calculate the remainder when 52870 is divided by 15.
10
What is the remainder when 14877 is divided by 299?
226
Calculate the remainder when 2520 is divided by 204.
72
Calculate the remainder when 259 is divided by 254.
5
Calculate the remainder when 4621 is divided by 2298.
25
What is the remainder when 24882 is divided by 12438?
6
What is the remainder when 29319 is divided by 29213?
106
What is the remainder when 12516 is divided by 87?
75
Calculate the remainder when 2863 is divided by 413.
385
Calculate the remainder when 120357 is divided by 20056.
21
Calculate the remainder when 962 is divided by 474.
14
Calculate the remainder when 26906 is divided by 217.
215
Calculate the remainder when 5979 is divided by 36.
3
Calculate the remainder when 7230 is divided by 1446.
0
What is the remainder when 91290 is divided by 32?
26
Calculate the remainder when 14971 is divided by 483.
481
What is the remainder when 10187 is divided by 98?
93
Calculate the remainder when 74763 is divided by 14949.
18
What is the remainder when 523 is divided by 16?
11
Calculate the remainder when 229104 is divided by 76347.
63
What is the remainder when 834270 is divided by 444?
438
What is the remainder when 897393 is divided by 52787?
14
What is the remainder when 12216 is divided by 6104?
8
Calculate the remainder when 966 is divided by 312.
30
What is the remainder when 2510 is divided by 822?
44
What is the remainder when 62 is divided by 31?
0
What is the remainder when 12122 is divided by 1773?
1484
Calculate the remainder when 34279 is divided by 2856.
7
Calculate the remainder when 18220 is divided by 4553.
8
What is the remainder when 801 is divided by 113?
10
Calculate the remainder when 21761 is divided by 1040.
961
Calculate the remainder when 13582 is divided by 19.
16
What is the remainder when 2672 is divided by 766?
374
Calculate the remainder when 7049 is divided by 701.
39
Calculate the remainder when 5510 is divided by 2689.
132
What is the remainder when 115950 is divided by 19313?
72
What is the remainder when 150991 is divided by 12581?
19
Calculate the remainder when 4217 is divided by 1400.
17
What is the remainder when 123 is divided by 47?
29
Calculate the remainder when 1289 is divided by 167.
120
What is the remainder when 32713 is divided by 41?
36
What is the remainder when 8701 is divided by 576?
61
Calculate the remainder when 8716 is divided by 1129.
813
Calculate the remainder when 2610 is divided by 1093.
424
What is the remainder when 3399 is divided by 1033?
300
What is the remainder when 3309 is divided by 623?
194
Calculate the remainder when 1643943 is divided by 881.
878
What is the remainder when 54353 is divided by 13586?
9
What is the remainder when 39522 is divided by 964?
962
Calculate the remainder when 749904 is divided by 759.
12
Calculate the remainder when 6145 is divided by 3000.
145
What is the remainder when 1749 is divided by 643?
463
Calculate the remainder when 610 is divided by 131.
86
Calculate the remainder when 117900 is divided by 18.
0
What is the remainder when 8397 is divided by 26?
25
What is the remainder when 5390 is divided by 65?
60
Calculate the remainder when 1531 is divided by 338.
179
What is the remainder when 1445 is divided by 117?
41
What is the remainder when 1328 is divided by 95?
93
Calculate the remainder when 112605 is divided by 552.
549
What is the remainder when 33412 is divided by 379?
60
Calculate the remainder when 41909 is divided by 6983.
11
What is the remainder when 14255 is divided by 13?
7
Calculate the remainder when 23159 is divided by 661.
24
What is the remainder when 4598 is divided by 21?
20
Calculate the remainder when 413639 is divided by 519.
515
Calculate the remainder when 13615256 is divided by 113.
112
Calculate the remainder when 44511 is divided by 463.
63
What is the remainder when 42493 is divided by 220?
33
What is the remainder when 13409 is divided by 147?
32
Calculate the remainder when 186 is divided by 14.
4
What is the remainder when 7508 is divided by 339?
50
Calculate the remainder when 11284 is divided by 221.
13
What is the remainder when 46059 is divided by 960?
939
What is the remainder when 32479 is divided by 174?
115
What is the remainder when 28665 is divided by 61?
56
What is the remainder when 1297 is divided by 165?
142
Calculate the remainder when 5210 is divided by 1541.
587
Calculate the remainder when 4080 is divided by 105.
90
What is the remainder when 5370 is divided by 80?
10
Calculate the remainder when 4540 is divided by 449.
50
What is the remainder when 245538 is divided by 15?
3
What is the remainder when 3642 is divided by 3588?
54
Calculate the remainder when 4372 is divided by 1333.
373
Calculate the remainder when 10411 is divided by 395.
141
Calculate the remainder when 3013 is divided by 534.
343
What is the remainder when 21099 is divided by 4?
3
Calculate the remainder when 2732 is divided by 239.
103
What is the remainder when 24251 is divided by 385?
381
Calculate the remainder when 677094 is divided by 122